{"id":658,"date":"2014-05-25T13:47:34","date_gmt":"2014-05-25T11:47:34","guid":{"rendered":"http:\/\/gartenbahn.tuxplay.de\/?page_id=658"},"modified":"2025-06-10T15:52:59","modified_gmt":"2025-06-10T13:52:59","slug":"august-08-3","status":"publish","type":"page","link":"https:\/\/gartenbahn.tuxplay.de\/?page_id=658","title":{"rendered":"August 08"},"content":{"rendered":"<p>In der Zwischenzeit waren alle im Urlaub und es wurde gebaut und gebaut.<\/p>\n<p><a href=\"https:\/\/gartenbahn.tuxplay.de\/wp-content\/uploads\/2014\/05\/3.jpg\"><img fetchpriority=\"high\" decoding=\"async\" class=\"alignleft size-full wp-image-615\" src=\"https:\/\/gartenbahn.tuxplay.de\/wp-content\/uploads\/2014\/05\/3.jpg\" alt=\"3\" width=\"177\" height=\"444\" srcset=\"https:\/\/gartenbahn.tuxplay.de\/wp-content\/uploads\/2014\/05\/3.jpg 177w, https:\/\/gartenbahn.tuxplay.de\/wp-content\/uploads\/2014\/05\/3-119x300.jpg 119w\" sizes=\"(max-width: 177px) 100vw, 177px\" \/><\/a><\/p>\n<p><img decoding=\"async\" class=\"alignright\" src=\"https:\/\/gartenbahn.tuxplay.de\/wp-content\/uploads\/wppa\/884.jpg?ver=1\" alt=\"\" width=\"200\" height=\"150\" \/><\/p>\n<p>H\u00e4user, H\u00e4user, H\u00e4user.<br \/>\nSchienen wurden nachgekauft,<br \/>\nTunnel gebaut und<br \/>\nneue Gleisbettplatten gekauft.<br \/>\nEin Ausflug ins Erzgebirge wegen<br \/>\nSchiefersteinen mit Oma und Opa<br \/>\nmusste sein.<br \/>\nAls absolutes Highlight haben wir jetzt Digitalbetrieb dank einer Massoth- Zentrale samt Navigator- Handy per Funk.<br \/>\nDas mit dem Funk war eine schwere Geburt.<br \/>\nPer Kabel funktionierte der Navigator.<br \/>\n\u00dcber Funk nicht.<br \/>\nWas nun?<\/p>\n<p>Nach etlichen Tagen \/ Wochen die rettende Idee sich mit Massoth in Verbindung zusetzen. Ein voller Erfolg!<\/p>\n<p>Nach etlichen E-Mails endlich eine freie Hotline und was war das Problem?<br \/>\nEin falsches Funkempf\u00e4ngerteil.<\/p>\n<p>Die Firma Massoth tauschte v\u00f6llig unkompliziert die Ger\u00e4te und schon funktionierte alles wie beschrieben. Anstecken &#8211;&gt; einschalten &#8211;&gt; geht!<br \/>\nFetten Dank!<br \/>\nDie Stainz-Lok (gr\u00fcn) wurde von uns digitalisiert. Da war das einzige Problem, das Papa und ich den<br \/>\nDekoder nicht festgenug in die entsprechenden Kontakte gedr\u00fcckt haben.<br \/>\nMein Mann und ich nahmen nach Opas Geburtstag die Lok mit nach Hause und bauten sie nochmal von ca. 22:00 Uhr bis 01:45 Uhr auseinander und zusammen. Dann ging alles. Puh war ich m\u00fcde.<br \/>\nDie Erweiterung der Stecke sieht man links in der Skizze. Weitere Bilder <a href=\"https:\/\/gartenbahn.tuxplay.de\/?page_id=117&amp;lang=de&amp;wppa-album=7519f3e39d8a3d3e&amp;wppa-cover=0&amp;wppa-occur=1&amp;data-alb=69\">hier<\/a>.<\/p>\n","protected":false},"excerpt":{"rendered":"<p>In der Zwischenzeit waren alle im Urlaub und es wurde gebaut und gebaut. H\u00e4user, H\u00e4user, H\u00e4user. Schienen wurden nachgekauft, Tunnel gebaut und neue Gleisbettplatten gekauft. Ein Ausflug ins Erzgebirge wegen Schiefersteinen mit Oma und Opa musste sein. Als absolutes Highlight haben wir jetzt Digitalbetrieb dank einer Massoth- Zentrale samt Navigator- Handy per Funk. Das mit dem Funk war eine schwere<\/p>\n<p><a class=\"more-link\" href=\"https:\/\/gartenbahn.tuxplay.de\/?page_id=658\">Weiterlesen<\/a><\/p>\n","protected":false},"author":1,"featured_media":0,"parent":1355,"menu_order":4,"comment_status":"closed","ping_status":"closed","template":"","meta":{"footnotes":""},"class_list":["post-658","page","type-page","status-publish","hentry"],"_links":{"self":[{"href":"https:\/\/gartenbahn.tuxplay.de\/index.php?rest_route=\/wp\/v2\/pages\/658","targetHints":{"allow":["GET"]}}],"collection":[{"href":"https:\/\/gartenbahn.tuxplay.de\/index.php?rest_route=\/wp\/v2\/pages"}],"about":[{"href":"https:\/\/gartenbahn.tuxplay.de\/index.php?rest_route=\/wp\/v2\/types\/page"}],"author":[{"embeddable":true,"href":"https:\/\/gartenbahn.tuxplay.de\/index.php?rest_route=\/wp\/v2\/users\/1"}],"replies":[{"embeddable":true,"href":"https:\/\/gartenbahn.tuxplay.de\/index.php?rest_route=%2Fwp%2Fv2%2Fcomments&post=658"}],"version-history":[{"count":7,"href":"https:\/\/gartenbahn.tuxplay.de\/index.php?rest_route=\/wp\/v2\/pages\/658\/revisions"}],"predecessor-version":[{"id":1672,"href":"https:\/\/gartenbahn.tuxplay.de\/index.php?rest_route=\/wp\/v2\/pages\/658\/revisions\/1672"}],"up":[{"embeddable":true,"href":"https:\/\/gartenbahn.tuxplay.de\/index.php?rest_route=\/wp\/v2\/pages\/1355"}],"wp:attachment":[{"href":"https:\/\/gartenbahn.tuxplay.de\/index.php?rest_route=%2Fwp%2Fv2%2Fmedia&parent=658"}],"curies":[{"name":"wp","href":"https:\/\/api.w.org\/{rel}","templated":true}]}}