{"id":922,"date":"2014-06-04T10:01:05","date_gmt":"2014-06-04T08:01:05","guid":{"rendered":"http:\/\/gartenbahn.tuxplay.de\/?page_id=922"},"modified":"2016-05-23T12:53:03","modified_gmt":"2016-05-23T10:53:03","slug":"dezember-11","status":"publish","type":"page","link":"https:\/\/gartenbahn.tuxplay.de\/?page_id=922","title":{"rendered":"Dezember 11"},"content":{"rendered":"<p>Ohje und schon ist fast Weihnachten.<br \/>\nDas Jahr war aufregend und schnell rum.<br \/>\nAuf der Gartenbahn ist nicht viel und doch etwas passiert, da die Krankheiten der Gro\u00dfeltern zu Jahresbeginn alles etwas durcheinander wirbelten.<br \/>\nAber beide sind wieder fit und f\u00fchlen sich in ihrer neuen Wohnung wohl.<br \/>\nWas ist nun eigentlich bei uns passiert?<br \/>\nIm April haben wir weitere Br\u00fcckenb\u00f6gen eingebaut und die Stecke erweitert. Ich finde die Br\u00fcckenb\u00f6gen gelungen und sie passen gut ins Bild.<\/p>\n<p><img fetchpriority=\"high\" decoding=\"async\" src=\"https:\/\/gartenbahn.tuxplay.de\/wp-content\/uploads\/wppa\/257.jpg?ver=1\" alt=\"\" width=\"300\" height=\"225\" \/><\/p>\n<p>Im Mai haben wir dem Gr\u00fcnzeug beim Wachsen zugesehen. Und mein Mann nahm das <a href=\"https:\/\/gartenbahn.tuxplay.de\/wordpress\/?page_id=117&amp;wppa-album=23&amp;wppa-cover=0&amp;wppa-occur=1\">Projekt Windrad<\/a> in Angriff.<br \/>\nIm Juni hat Papa wieder seinen Urlaub gemacht und wir haben in 3 Klappkisten und 1 Reisetasche die ganzen Wagons und Loks aus dem Garten geholt.<\/p>\n<p>Im Juli haben wir uns entschlossen nicht l\u00e4nger auf das S\u00e4gewerk von Pola zu warten<br \/>\n(war ja mein Geburtstagswunsch im Februar)<br \/>\nund haben uns das von Vollmer mit Motor gekauft.<\/p>\n<p><img decoding=\"async\" src=\"https:\/\/gartenbahn.tuxplay.de\/wp-content\/uploads\/wppa\/208.jpg?ver=1\" alt=\"\" width=\"300\" height=\"225\" \/><br \/>\nDie <a href=\"https:\/\/gartenbahn.tuxplay.de\/wordpress\/?page_id=117&amp;wppa-album=22&amp;wppa-cover=0&amp;wppa-occur=1\">Zentrale<\/a> hatte nach Papas Urlaub und einem kurzen Sommergewitter ein defektes Display, welches mein Mann kurzer Hand austauschte.<\/p>\n<p>Im August wurde geplant, wie die Streckenf\u00fchrung den nun erweitert und ver\u00e4ndert werden k\u00f6nnte.<br \/>\nDeshalb hat Papa mal fix ein St\u00fcck Blumenbeet in Rasen umgewandelt.<br \/>\nBei ihm redet ja keine Frau rein und schimpft, das das Blumenbett um 1\/3 minimiert wird.<br \/>\nIm September hatten wir Gartenfest und unsere Bahn hatte wieder jede Menge Bewunderer, alte wie junge.<\/p>\n<p>Im Oktober kaufte er sich eine Biegeger\u00e4t von Massoth und 8 Meter Flexgleis von TrainLine 45,<br \/>\ndachte \u00fcber Holzbr\u00fcckenbau nach und wie viel Meter Schiene er sich zu Weihnachten und Geburtstag w\u00fcnschen m\u00fcsste.<br \/>\nEs verschwand nochmals 1\/3 des besagten Blumenbeetes, es gab jede Menge Witze am Gartenzaun.<\/p>\n<p>Am letzten Oktoberwochenende ging die Gartenbahnsaison zu Ende und es wurde alles abgebaut.<br \/>\nDie letzten Unwetter hatten doch einige Sch\u00e4den angerichtet und die defekten H\u00e4user wurden mit nach Hause zur Winterreparatur genommen.<br \/>\nIm November hat Papa seinen Keller entr\u00fcmpelt (zum Teil) und sich eine kleine Arbeitsfl\u00e4che gebaut.<br \/>\nDort hat er dann zum Nikolaustag seine erste Holzbr\u00fccke produziert. Ich finde sie sehr schick.<\/p>\n<p>Und nun kommt der Hammer im Dezember:<br \/>\nmein bestelltes S\u00e4gewerk (von Februar) ist eingetroffen. Nach einen kurzen Finanzcheck bekommt Papa es zu Weihnachten, neben einem Personen-\/Gep\u00e4ckwagon.<br \/>\nNach aktueller Z\u00e4hlung umfasst Papas Hobby 6 Loks und 18 Wagen. Die laufenden Meter Schienen werden erst im Fr\u00fchjahr gez\u00e4hlt.<\/p>\n<p>Allen eine sch\u00f6ne Weihnachtszeit und unfallfreie Wintermonate.<\/p>\n","protected":false},"excerpt":{"rendered":"<p>Ohje und schon ist fast Weihnachten. Das Jahr war aufregend und schnell rum. Auf der Gartenbahn ist nicht viel und doch etwas passiert, da die Krankheiten der Gro\u00dfeltern zu Jahresbeginn alles etwas durcheinander wirbelten. Aber beide sind wieder fit und f\u00fchlen sich in ihrer neuen Wohnung wohl. Was ist nun eigentlich bei uns passiert? Im April haben wir weitere Br\u00fcckenb\u00f6gen<\/p>\n<p><a class=\"more-link\" href=\"https:\/\/gartenbahn.tuxplay.de\/?page_id=922\">Weiterlesen<\/a><\/p>\n","protected":false},"author":1,"featured_media":0,"parent":1363,"menu_order":4,"comment_status":"closed","ping_status":"closed","template":"","meta":{"footnotes":""},"class_list":["post-922","page","type-page","status-publish","hentry"],"_links":{"self":[{"href":"https:\/\/gartenbahn.tuxplay.de\/index.php?rest_route=\/wp\/v2\/pages\/922","targetHints":{"allow":["GET"]}}],"collection":[{"href":"https:\/\/gartenbahn.tuxplay.de\/index.php?rest_route=\/wp\/v2\/pages"}],"about":[{"href":"https:\/\/gartenbahn.tuxplay.de\/index.php?rest_route=\/wp\/v2\/types\/page"}],"author":[{"embeddable":true,"href":"https:\/\/gartenbahn.tuxplay.de\/index.php?rest_route=\/wp\/v2\/users\/1"}],"replies":[{"embeddable":true,"href":"https:\/\/gartenbahn.tuxplay.de\/index.php?rest_route=%2Fwp%2Fv2%2Fcomments&post=922"}],"version-history":[{"count":1,"href":"https:\/\/gartenbahn.tuxplay.de\/index.php?rest_route=\/wp\/v2\/pages\/922\/revisions"}],"predecessor-version":[{"id":923,"href":"https:\/\/gartenbahn.tuxplay.de\/index.php?rest_route=\/wp\/v2\/pages\/922\/revisions\/923"}],"up":[{"embeddable":true,"href":"https:\/\/gartenbahn.tuxplay.de\/index.php?rest_route=\/wp\/v2\/pages\/1363"}],"wp:attachment":[{"href":"https:\/\/gartenbahn.tuxplay.de\/index.php?rest_route=%2Fwp%2Fv2%2Fmedia&parent=922"}],"curies":[{"name":"wp","href":"https:\/\/api.w.org\/{rel}","templated":true}]}}